3
What is the greatest common divisor of 16 and 2014?
2
Calculate the highest common factor of 1716 and 192907.
143
Calculate the greatest common divisor of 25944 and 92.
92
Calculate the greatest common factor of 3275 and 800.
25
Calculate the highest common divisor of 814 and 11.
11
What is the highest common divisor of 2375 and 4180?
95
What is the greatest common divisor of 48 and 272652?
12
What is the highest common factor of 10854 and 2680?
134
Calculate the greatest common divisor of 22 and 542.
2
What is the highest common factor of 302787 and 153?
153
Calculate the greatest common factor of 6608933 and 1021.
1021
What is the highest common factor of 72 and 136056?
24
What is the greatest common divisor of 1024 and 24544?
32
What is the highest common factor of 93006 and 12?
6
What is the greatest common divisor of 4587 and 319?
11
What is the highest common factor of 6 and 181581?
3
What is the highest common factor of 209 and 34331?
11
Calculate the greatest common divisor of 20 and 11030.
10
Calculate the greatest common divisor of 38 and 411654.
38
Calculate the highest common divisor of 85860 and 26765.
265
Calculate the highest common divisor of 28 and 16827.
1
What is the greatest common factor of 92 and 52785?
23
What is the highest common divisor of 66208 and 64?
32
Calculate the greatest common factor of 10813 and 253.
11
What is the highest common divisor of 831 and 165?
3
Calculate the highest common factor of 210 and 315.
105
Calculate the greatest common factor of 215 and 93095.
215
What is the highest common factor of 11786 and 2059?
71
What is the greatest common factor of 6851 and 211327?
527
What is the highest common factor of 36 and 1719?
9
What is the greatest common divisor of 4844 and 134075?
173
Calculate the greatest common divisor of 50389 and 1517.
41
Calculate the greatest common divisor of 708 and 916683.
177
What is the highest common divisor of 76216 and 1078?
14
What is the greatest common factor of 45237 and 1122?
51
Calculate the greatest common divisor of 348613 and 267.
89
Calculate the greatest common factor of 3738 and 8010.
534
Calculate the greatest common divisor of 162 and 29682.
18
Calculate the highest common factor of 3258 and 683818.
362
What is the highest common factor of 560 and 2170?
70
Calculate the greatest common factor of 110 and 8635.
55
What is the highest common factor of 219299 and 259?
37
Calculate the greatest common factor of 61050 and 22.
22
Calculate the highest common divisor of 2142 and 11025.
63
What is the highest common factor of 135 and 128220?
15
What is the greatest common factor of 288 and 1539?
9
Calculate the greatest common factor of 529 and 14513.
23
What is the greatest common divisor of 101 and 493789?
101
What is the greatest common factor of 14806 and 4928?
22
Calculate the greatest common factor of 1725 and 11109.
69
Calculate the greatest common divisor of 1875 and 2676750.
375
Calculate the highest common divisor of 1508414 and 2.
2
Calculate the highest common divisor of 2640 and 4720.
80
What is the greatest common divisor of 1073732 and 2024?
1012
What is the highest common factor of 243378 and 30?
6
Calculate the greatest common factor of 120 and 375.
15
Calculate the greatest common factor of 45 and 6719535.
45
Calculate the greatest common factor of 7220 and 85.
5
Calculate the greatest common factor of 89572 and 98.
98
Calculate the highest common factor of 4005 and 655.
5
What is the highest common factor of 1664 and 882960?
208
Calculate the highest common factor of 283224 and 80.
8
Calculate the greatest common factor of 2326302 and 198.
198
What is the highest common divisor of 4 and 428310?
2
Calculate the greatest common factor of 25 and 343025.
25
Calculate the greatest common divisor of 5051171 and 381.
127
Calculate the highest common divisor of 1898 and 135634.
146
What is the greatest common factor of 302649 and 2133?
237
Calculate the highest common factor of 1165204 and 148.
148
Calculate the highest common divisor of 6589968 and 1056.
528
What is the highest common divisor of 78711 and 183?
3
Calculate the greatest common divisor of 7 and 8540203.
7
What is the greatest common divisor of 63832 and 30731?
79
Calculate the greatest common divisor of 10081 and 782.
17
Calculate the highest common divisor of 18543 and 1113.
21
What is the greatest common factor of 456 and 313044?
228
Calculate the greatest common divisor of 8607834 and 54.
18
Calculate the highest common divisor of 25488 and 20060.
236
What is the greatest common divisor of 492741 and 318?
159
What is the greatest common divisor of 1272 and 17382?
6
What is the highest common factor of 1176 and 155820?
588
Calculate the greatest common factor of 1679 and 667.
23
Calculate the greatest common divisor of 102550 and 1064.
14
What is the highest common divisor of 3475 and 45453?
139
What is the highest common factor of 90 and 17658?
18
What is the highest common factor of 546 and 10101?
273
What is the greatest common factor of 9108 and 584568?
828
Calculate the greatest common factor of 396090 and 40.
10
Calculate the highest common factor of 21 and 6132.
21
Calculate the greatest common factor of 62 and 2449.
31
Calculate the highest common divisor of 915937 and 33.
11
What is the greatest common divisor of 83425 and 550?
25
What is the highest common divisor of 100 and 326750?
50
What is the highest common divisor of 884 and 12852?
68
What is the highest common factor of 59270 and 2?
2
What is the highest common factor of 6507690 and 798?
798
Calculate the greatest common divisor of 8585 and 4545.
505
What is the highest common factor of 7662 and 129?
3
Calculate the greatest common factor of 52126 and 268.
134
Calculate the greatest common divisor of 11710 and 80.
10
What is the greatest common divisor of 1198505 and 175?
35
Calculate the greatest common divisor of 19315 and 5.
5
Calculate the highest common divisor of 30 and 1534.
2
Calculate the highest common divisor of 5425 and 8225.
175
Calculate the highest common divisor of 23763 and 5073.
267
Calculate the highest common divisor of 87540 and 60.
60
What is the highest common divisor of 30 and 597?
3
Calculate the greatest common divisor of 516 and 1333.
43
What is the greatest common divisor of 70 and 4915?
5
What is the highest common divisor of 11484 and 774532?
1276
What is the highest common divisor of 191133 and 1323?
27
Calculate the greatest common divisor of 216 and 21573.
27
What is the highest common divisor of 30808 and 56?
8
What is the highest common factor of 20574 and 1778?
254
What is the highest common divisor of 5327269 and 254?
127
What is the greatest common divisor of 48 and 622980?
12
Calculate the greatest common factor of 1205 and 135.
5
What is the highest common divisor of 74690 and 110?
110
Calculate the greatest common factor of 9 and 348435.
9
What is the highest common divisor of 31 and 2443079?
31
What is the highest common divisor of 98516 and 1276?
44
Calculate the greatest common divisor of 27608 and 680.
136
Calculate the highest common factor of 773176 and 1016.
1016
Calculate the highest common factor of 1073820 and 30.
30
Calculate the highest common divisor of 517 and 2646523.
517
Calculate the highest common divisor of 106 and 20299.
53
What is the greatest common factor of 1092 and 16302?
78
What is the greatest common factor of 2054 and 16906?
158
What is the highest common factor of 30 and 42684?
6
What is the greatest common factor of 2040 and 7920?
120
What is the greatest common factor of 164 and 1165548?
164
Calculate the highest common factor of 87860 and 40.
20
Calculate the highest common divisor of 35628 and 540.
12
What is the greatest common divisor of 38929 and 44?
11
Calculate the highest common factor of 90533 and 1.
1
Calculate the greatest common factor of 6532104 and 24.
24
What is the highest common factor of 4940 and 702?
26
What is the greatest common divisor of 19129216 and 944?
944
What is the highest common divisor of 2342581 and 37?
37
Calculate the highest common divisor of 8250 and 4224.
66
Calculate the highest common divisor of 12324 and 132.
12
What is the highest common factor of 4 and 302?
2
What is the highest common divisor of 184739